{"id":314,"date":"2023-10-24T12:05:22","date_gmt":"2023-10-24T09:05:22","guid":{"rendered":"https:\/\/ambbucarest.esteri.it\/?page_id=314"},"modified":"2023-10-24T15:58:33","modified_gmt":"2023-10-24T12:58:33","slug":"1-ce-este-la-i-r-e-si-ce-implica-inscrierea","status":"publish","type":"page","link":"https:\/\/ambbucarest.esteri.it\/ro\/servizi-consolari-e-visti\/servizi-per-il-cittadino-italiano\/a-i-r-e-registrul-de-stare-civila-al-italienilor-rezidenti-in-strainatate\/1-ce-este-la-i-r-e-si-ce-implica-inscrierea\/","title":{"rendered":"1. Ce este l\u2019A.I.R.E. \u015fi ce implic\u0103 \u00eenscrierea?"},"content":{"rendered":"<p>Registrul de stare civil\u0103 al Italienilor Reziden\u0163i \u00een Str\u0103in\u0103tate (A.I.R.E.) a fost instituit prin Legea nr. 470 din 27 octombrie 1988 \u015fi con\u0163ine datele cet\u0103\u0163enilor italieni care locuiesc \u00een str\u0103in\u0103tate pentru o perioad\u0103 mai lung\u0103 de 12 luni.<br \/>\nAcesta este gestionat de Prim\u0103riile italiene \u015fi de Ministerul de Interne pe baza informa\u0163iilor sosite de la Birourile consulare. Prim\u0103riile italiene sunt singurele competente s\u0103 \u0163in\u0103 registrul de eviden\u0163\u0103 a popula\u0163iei, at\u00e2t a celei rezidente \u00een Italia c\u00e2t \u015fi a cet\u0103\u0163enilor reziden\u0163i \u00een str\u0103in\u0103tate.<br \/>\nBiroul consular de referin\u0163\u0103, odat\u0103 examinat dosarul cet\u0103\u0163eanului, trimite cererea de \u00eenscriere \u00een A.I.R.E. la Prim\u0103ria competent\u0103, care actualizeaz\u0103 situa\u0163ia re\u015fedin\u0163ei \u00een str\u0103in\u0103tate \u015fi a listelor electorale.<br \/>\n\u00censcrierea \u00een A.I.R.E. implic\u0103:<br \/>\n\u2022 \u015etergerea re\u015fedin\u0163ei de pe teritoriul Republicii (\u015ftergerea din A.P.R. \u2013 Registrul de eviden\u0163\u0103 a Popula\u0163iei Rezidente);<br \/>\n\u2022 Permite cererea de servicii consulare \u00een calitate de rezident \u00een str\u0103in\u0103tate la Biroul consular de referin\u0163\u0103;<br \/>\n\u2022 Permite votul \u00een str\u0103in\u0103tate f\u0103r\u0103 a depune o cerere special\u0103.<br \/>\nA.I.R.E. implic\u0103 schimbarea re\u015fedin\u0163ei ca domiciliu, nu a celei fiscale; pentru schimb\u0103rile privind re\u015fedin\u0163a fiscal\u0103 cet\u0103\u0163eanul va trebui s\u0103 se adreseze <a href=\"https:\/\/www.agenziaentrate.gov.it\/portale\/schede\/istanze\/domicilio-per-notifica-atti\/schedainfo-comunicazione-dati-domicilio?page=istanzecomunicazionicitt\">Administra\u0163iei Financiare<\/a><br \/>\nServiciul de \u00eenscriere este gratuit \u015fi nu este necesar\u0103 prezen\u0163a persoanelor \u00een cauz\u0103.<\/p>\n","protected":false},"excerpt":{"rendered":"Registrul de stare civil\u0103 al Italienilor Reziden\u0163i \u00een Str\u0103in\u0103tate (A.I.R.E.) a fost instituit prin Legea nr. 470 din 27 octombrie 1988 \u015fi con\u0163ine datele cet\u0103\u0163enilor italieni care locuiesc \u00een str\u0103in\u0103tate pentru o perioad\u0103 mai lung\u0103 de 12 luni. Acesta este gestionat de Prim\u0103riile italiene \u015fi de Ministerul de Interne pe baza informa\u0163iilor sosite de la [&hellip;]","protected":false},"author":8,"featured_media":0,"parent":312,"menu_order":1,"comment_status":"closed","ping_status":"closed","template":"","meta":{"footnotes":""},"class_list":["post-314","page","type-page","status-publish","hentry"],"_links":{"self":[{"href":"https:\/\/ambbucarest.esteri.it\/ro\/wp-json\/wp\/v2\/pages\/314","targetHints":{"allow":["GET"]}}],"collection":[{"href":"https:\/\/ambbucarest.esteri.it\/ro\/wp-json\/wp\/v2\/pages"}],"about":[{"href":"https:\/\/ambbucarest.esteri.it\/ro\/wp-json\/wp\/v2\/types\/page"}],"author":[{"embeddable":true,"href":"https:\/\/ambbucarest.esteri.it\/ro\/wp-json\/wp\/v2\/users\/8"}],"replies":[{"embeddable":true,"href":"https:\/\/ambbucarest.esteri.it\/ro\/wp-json\/wp\/v2\/comments?post=314"}],"version-history":[{"count":1,"href":"https:\/\/ambbucarest.esteri.it\/ro\/wp-json\/wp\/v2\/pages\/314\/revisions"}],"predecessor-version":[{"id":315,"href":"https:\/\/ambbucarest.esteri.it\/ro\/wp-json\/wp\/v2\/pages\/314\/revisions\/315"}],"up":[{"embeddable":true,"href":"https:\/\/ambbucarest.esteri.it\/ro\/wp-json\/wp\/v2\/pages\/312"}],"wp:attachment":[{"href":"https:\/\/ambbucarest.esteri.it\/ro\/wp-json\/wp\/v2\/media?parent=314"}],"curies":[{"name":"wp","href":"https:\/\/api.w.org\/{rel}","templated":true}]}}

1. Ce este l’A.I.R.E. şi ce implică înscrierea?

<p>Registrul de stare civilă al Italienilor Rezidenţi în Străinătate (A.I.R.E.) a fost instituit prin Legea nr. 470 din 27 octombrie 1988 şi conţine datele cetăţenilor italieni care locuiesc în străinătate pentru o perioadă mai lungă de 12 luni.<br />
Acesta este gestionat de Primăriile italiene şi de Ministerul de Interne pe baza informaţiilor sosite de la Birourile consulare. Primăriile italiene sunt singurele competente să ţină registrul de evidenţă a populaţiei, atât a celei rezidente în Italia cât şi a cetăţenilor rezidenţi în străinătate.<br />
Biroul consular de referinţă, odată examinat dosarul cetăţeanului, trimite cererea de înscriere în A.I.R.E. la Primăria competentă, care actualizează situaţia reşedinţei în străinătate şi a listelor electorale.<br />
Înscrierea în A.I.R.E. implică:<br />
• Ştergerea reşedinţei de pe teritoriul Republicii (ştergerea din A.P.R. – Registrul de evidenţă a Populaţiei Rezidente);<br />
• Permite cererea de servicii consulare în calitate de rezident în străinătate la Biroul consular de referinţă;<br />
• Permite votul în străinătate fără a depune o cerere specială.<br />
A.I.R.E. implică schimbarea reşedinţei ca domiciliu, nu a celei fiscale; pentru schimbările privind reşedinţa fiscală cetăţeanul va trebui să se adreseze <a href="https://www.agenziaentrate.gov.it/portale/schede/istanze/domicilio-per-notifica-atti/schedainfo-comunicazione-dati-domicilio?page=istanzecomunicazionicitt">Administraţiei Financiare</a><br />
Serviciul de înscriere este gratuit şi nu este necesară prezenţa persoanelor în cauză.</p>

Registrul de stare civilă al Italienilor Rezidenţi în Străinătate (A.I.R.E.) a fost instituit prin Legea nr. 470 din 27 octombrie 1988 şi conţine datele cetăţenilor italieni care locuiesc în străinătate pentru o perioadă mai lungă de 12 luni. Acesta este gestionat de Primăriile italiene şi de Ministerul de Interne pe baza informaţiilor sosite de la [&hellip;]
