{"id":340,"date":"2023-10-24T15:45:20","date_gmt":"2023-10-24T12:45:20","guid":{"rendered":"https:\/\/ambbucarest.esteri.it\/?page_id=340"},"modified":"2023-12-11T11:38:56","modified_gmt":"2023-12-11T09:38:56","slug":"14-cum-obtin-un-certificat-de-resedinta","status":"publish","type":"page","link":"https:\/\/ambbucarest.esteri.it\/ro\/servizi-consolari-e-visti\/servizi-per-il-cittadino-italiano\/a-i-r-e-registrul-de-stare-civila-al-italienilor-rezidenti-in-strainatate\/14-cum-obtin-un-certificat-de-resedinta\/","title":{"rendered":"14. Cum ob\u0163in un certificat de re\u015fedin\u0163\u0103?"},"content":{"rendered":"<p>Cum ob\u0163in un certificat de re\u015fedin\u0163\u0103?<br \/>\nPentru a cere un certificat de \u00eenscriere consular\u0103, a se vedea sec\u0163iunea <a href=\"https:\/\/ambbucarest.esteri.it\/it\/servizi-consolari-e-visti\/servizi-per-il-cittadino-italiano\/modulistica-consulare\/\"><strong>FORMULARE<\/strong><\/a><br \/>\nCertificatul de \u00eenscriere \u00een A.I.R.E. (a nu se confunda cu &#8222;Certificatul de \u00eenscriere consular\u0103 individual\u0103&#8221;) va trebui s\u0103 fie cerut\u0103 direct la Prim\u0103ria din Italia, singura institu\u0163ie autorizat\u0103 s\u0103-l elibereze.<\/p>\n","protected":false},"excerpt":{"rendered":"Cum ob\u0163in un certificat de re\u015fedin\u0163\u0103? Pentru a cere un certificat de \u00eenscriere consular\u0103, a se vedea sec\u0163iunea FORMULARE Certificatul de \u00eenscriere \u00een A.I.R.E. (a nu se confunda cu &#8222;Certificatul de \u00eenscriere consular\u0103 individual\u0103&#8221;) va trebui s\u0103 fie cerut\u0103 direct la Prim\u0103ria din Italia, singura institu\u0163ie autorizat\u0103 s\u0103-l elibereze.","protected":false},"author":8,"featured_media":0,"parent":312,"menu_order":14,"comment_status":"closed","ping_status":"closed","template":"","meta":{"footnotes":""},"class_list":["post-340","page","type-page","status-publish","hentry"],"_links":{"self":[{"href":"https:\/\/ambbucarest.esteri.it\/ro\/wp-json\/wp\/v2\/pages\/340","targetHints":{"allow":["GET"]}}],"collection":[{"href":"https:\/\/ambbucarest.esteri.it\/ro\/wp-json\/wp\/v2\/pages"}],"about":[{"href":"https:\/\/ambbucarest.esteri.it\/ro\/wp-json\/wp\/v2\/types\/page"}],"author":[{"embeddable":true,"href":"https:\/\/ambbucarest.esteri.it\/ro\/wp-json\/wp\/v2\/users\/8"}],"replies":[{"embeddable":true,"href":"https:\/\/ambbucarest.esteri.it\/ro\/wp-json\/wp\/v2\/comments?post=340"}],"version-history":[{"count":2,"href":"https:\/\/ambbucarest.esteri.it\/ro\/wp-json\/wp\/v2\/pages\/340\/revisions"}],"predecessor-version":[{"id":4172,"href":"https:\/\/ambbucarest.esteri.it\/ro\/wp-json\/wp\/v2\/pages\/340\/revisions\/4172"}],"up":[{"embeddable":true,"href":"https:\/\/ambbucarest.esteri.it\/ro\/wp-json\/wp\/v2\/pages\/312"}],"wp:attachment":[{"href":"https:\/\/ambbucarest.esteri.it\/ro\/wp-json\/wp\/v2\/media?parent=340"}],"curies":[{"name":"wp","href":"https:\/\/api.w.org\/{rel}","templated":true}]}}

14. Cum obţin un certificat de reşedinţă?

<p>Cum obţin un certificat de reşedinţă?<br />
Pentru a cere un certificat de înscriere consulară, a se vedea secţiunea <a href="https://ambbucarest.esteri.it/it/servizi-consolari-e-visti/servizi-per-il-cittadino-italiano/modulistica-consulare/"><strong>FORMULARE</strong></a><br />
Certificatul de înscriere în A.I.R.E. (a nu se confunda cu &#8222;Certificatul de înscriere consulară individuală&#8221;) va trebui să fie cerută direct la Primăria din Italia, singura instituţie autorizată să-l elibereze.</p>

Cum obţin un certificat de reşedinţă? Pentru a cere un certificat de înscriere consulară, a se vedea secţiunea FORMULARE Certificatul de înscriere în A.I.R.E. (a nu se confunda cu &#8222;Certificatul de înscriere consulară individuală&#8221;) va trebui să fie cerută direct la Primăria din Italia, singura instituţie autorizată să-l elibereze.
